{"id":2488,"date":"2024-05-13T19:03:09","date_gmt":"2024-05-13T19:03:09","guid":{"rendered":"https:\/\/jocsiesports.com\/?page_id=2488"},"modified":"2025-06-17T19:42:43","modified_gmt":"2025-06-17T19:42:43","slug":"gel-soft","status":"publish","type":"page","link":"https:\/\/jocsiesports.com\/?page_id=2488","title":{"rendered":"GELSOFT COMBAT"},"content":{"rendered":"\n<section id=\"section-25045d26-7eb6-4d8f-bf9a-bdff2e975c44\" class=\"wp-block-gutentor-about-block gutentor-section gutentor-about about-template4\"><div class=\"grid-container\"><div class=\"gutentor-grid-item-wrap\"><div class=\"gutentor-single-item\"><div class=\"grid-row\"><div class=\"grid-md-6 about-grid\"><div class=\"gutentor-single-item-content\"><div class=\"gutentor-about-content\"><h3 class=\"gutentor-single-item-title\"><\/h3><p class=\"gutentor-single-item-desc\">COMO JUGAMOS<br><br>El Gelsoft Combat, tambi\u00e9n conocido como pistolas de hidrogel, <br>es un juego de simulaci\u00f3n militar en el que los participantes <br>utilizan r\u00e9plicas de armas para disparar balas de gel. <br><br>El objetivo del juego es alcanzar a los jugadores contrarios sin causarles da\u00f1o, gracias a la fragilidad de estos proyectiles, lo <br>que permite una experiencia de juego segura y emocionante.<\/p><\/div><\/div><\/div><div class=\"grid-md-6 about-grid\"><div class=\"gutentor-single-item-image-box\"><div class=\"gutentor-image-thumb\"><img decoding=\"async\" class=\"normal-image lazyload\" data-src=\"https:\/\/jocsiesports.com\/wp-content\/uploads\/2024\/07\/gelsoft.jpg\" alt=\"GELSFOT ADULTO\" height=\"1834\" width=\"2250\" src=\"data:image\/svg+xml;base64,PHN2ZyB3aWR0aD0iMSIgaGVpZ2h0PSIxIiB4bWxucz0iaHR0cDovL3d3dy53My5vcmcvMjAwMC9zdmciPjwvc3ZnPg==\" style=\"--smush-placeholder-width: 2250px; --smush-placeholder-aspect-ratio: 2250\/1834;\" \/><\/div><\/div><\/div><\/div><\/div><\/div><\/div><\/section>\n\n\n\n<section id=\"section-2dc3c032-a27f-46bb-acb6-4e4005c8f8e8\" class=\"wp-block-gutentor-about-block gutentor-section gutentor-about about-template1\"><div class=\"grid-container\"><div class=\"gutentor-grid-item-wrap\"><div class=\"gutentor-single-item\"><div class=\"grid-row\"><div class=\"grid-md-6 about-grid\"><div class=\"gutentor-single-item-image-box\"><div class=\"gutentor-image-thumb\"><img decoding=\"async\" class=\"normal-image lazyload\" data-src=\"https:\/\/jocsiesports.com\/wp-content\/uploads\/2024\/05\/GELSOFT-OK.jpg\" alt=\"MASCARA-MARCADORA-HIERBA-ROPA\" height=\"998\" width=\"1169\" src=\"data:image\/svg+xml;base64,PHN2ZyB3aWR0aD0iMSIgaGVpZ2h0PSIxIiB4bWxucz0iaHR0cDovL3d3dy53My5vcmcvMjAwMC9zdmciPjwvc3ZnPg==\" style=\"--smush-placeholder-width: 1169px; --smush-placeholder-aspect-ratio: 1169\/998;\" \/><\/div><\/div><\/div><div class=\"grid-md-6 about-grid\"><div class=\"gutentor-single-item-content\"><div class=\"gutentor-about-content\"><h3 class=\"gutentor-single-item-title\">NUESTRAS MARCADORAS<\/h3><p class=\"gutentor-single-item-desc\">Nuestras marcadoras de Gelsoft Combat, se caracterizan por <br>su dise\u00f1o innovador, resistente y con gran realismo.<br><br>El Gelsoft Combat, es conocido por su estilo de juego r\u00e1pido y din\u00e1mico. Se juega en distancias m\u00e1s cortas, lo que favorece <br>la acci\u00f3n cercana y la t\u00e1ctica de equipo.<br><br>Gelsoft Combat es una excelente opci\u00f3n para aquellos que buscan una experiencia de juego emocionante y realista.<\/p><\/div><\/div><\/div><\/div><\/div><\/div><\/div><\/section>\n\n\n\n<div id=\"section-g3a7e27\" class=\"wp-block-gutentor-e1 section-g3a7e27 gutentor-element gutentor-element-advanced-text\"><div class=\"gutentor-text-wrap\"><p class=\"gutentor-text\">LOS PRECIOS DE GEL SOFT<\/p><\/div><\/div>\n\n\n\n<section id=\"section-ab50aa38-7f8c-4203-b3e9-1da35faf5a9b\" class=\"wp-block-gutentor-pricing gutentor-section pricing-wrapper pricing-template1\"><div class=\"grid-container\"><div class=\"grid-row gutentor-grid-item-wrap\"><div class=\"gutentor-grid-column grid-lg-4 grid-md-4 grid-12\"><div class=\"gutentor-single-item pricing gutentor-single-item-0\"><div class=\"gutentor-single-item-content\"><div class=\"pricing-header\"><p class=\"gutentor-single-item-subtitle\"> <a href=\"https:\/\/jocsiesports.com\/?page_id=9\" data-type=\"URL\" data-id=\"https:\/\/jocsiesports.com\/?page_id=9\" target=\"_blank\" rel=\"noreferrer noopener\"><strong>RESERVAR<\/strong><\/a><br><br>PRO<\/p><h3 class=\"gutentor-single-item-title\">450 Bolas<\/h3><\/div><span class=\"pricing-amount-wrap\"><span class=\"pricing-amount\"><span class=\"pricing-price\">22\u20ac<\/span><\/span><\/span><div class=\"pricing-content\"><p class=\"gutentor-single-item-desc\">Duraci\u00f3n aprox. 2h<br><br> \u00b7 Marcadora <br>\u00b7 M\u00e1scara V-Force<br>\u00b7 Mono completo<br>\u00b7 Chaleco protector (opcional)<br>\u00b7 Guantes<br>\u00b7 Monitor Experimentado<br>\u00b7 Exclusividad de campo<\/p><\/div><\/div><\/div><\/div><div class=\"gutentor-grid-column grid-lg-4 grid-md-4 grid-12\"><div class=\"gutentor-single-item pricing gutentor-single-item-1\"><div class=\"gutentor-single-item-content\"><div class=\"pricing-header\"><p class=\"gutentor-single-item-subtitle\"> <a href=\"https:\/\/jocsiesports.com\/?page_id=9\" data-type=\"URL\" data-id=\"https:\/\/jocsiesports.com\/?page_id=9\" target=\"_blank\" rel=\"noreferrer noopener\"><strong>RESERVAR<\/strong><\/a><br><br>RECARGAS<\/p><h3 class=\"gutentor-single-item-title\">225 Bolas<\/h3><\/div><span class=\"pricing-amount-wrap\"><span class=\"pricing-amount\"><span class=\"pricing-price\">5\u20ac<\/span><\/span><\/span><div class=\"pricing-content\"><p class=\"gutentor-single-item-desc\">_____________________<br> <br>Puedes recargar 225 Bolas por <br>5\u20ac m\u00e1s, las veces que quieras. <\/p><\/div><\/div><\/div><\/div><\/div><\/div><\/section>\n\n\n\n<div id=\"section-gcb0735\" class=\"wp-block-gutentor-e1 section-gcb0735 gutentor-element gutentor-element-advanced-text\"><div class=\"gutentor-text-wrap\"><p class=\"gutentor-text\"><\/p><\/div><\/div>\n\n\n\n<div id=\"section-g08f40e\" class=\"wp-block-gutentor-e1 section-g08f40e gutentor-element gutentor-element-advanced-text text-align-center-desktop\"><div class=\"gutentor-text-wrap\"><p class=\"gutentor-text\">M\u00ednimo 10 participantes<\/p><\/div><\/div>\n\n\n\n<div id=\"section-g0b7c1b\" class=\"wp-block-gutentor-e1 section-g0b7c1b gutentor-element gutentor-element-advanced-text\"><div class=\"gutentor-text-wrap\"><p class=\"gutentor-text\">Nuestro mono es integral, es decir, te cubre el cuerpo entero,&nbsp;adem\u00e1s de tener un alza cuello que esta acolchado, que te&nbsp;protege la zona del cuello sin problema.<br>El chaleco protector, se lo damos tanto a hombres como a mujeres y en esta actividad es opcional, aunque lo recomendamos a las mujeres.<br><br>Las equipaciones, se lavan y se desinfectan, despu\u00e9s de cada uso.<\/p><\/div><\/div>\n\n\n\n<div id=\"section-gcab79d\" class=\"wp-block-gutentor-e1 section-gcab79d gutentor-element gutentor-element-advanced-text text-align-center-desktop\"><div class=\"gutentor-text-wrap\"><h4 class=\"gutentor-text\"><a href=\"https:\/\/jocsiesports.com\/?page_id=94\" target=\"_blank\" rel=\"noreferrer noopener\"><br>Tambi\u00e9n disponemos de un men\u00fa de picoteo para adultos, en celebraciones.<\/a><\/h4><\/div><\/div>\n\n\n\n<section id=\"section-bef824c0-2769-41d7-81a9-4f6d558eb1ac\" class=\"wp-block-gutentor-notification gutentor-section gutentor-notification\"><div class=\"grid-container\"><div class=\"gutentor-grid-item-wrap gutentor-notification-wrap gutentor-notification-information\"><div class=\"gutentor-single-item\"><div class=\"gutentor-single-item-content\"><h3 class=\"gutentor-single-item-title\">A tener en cuenta!<\/h3><p class=\"gutentor-single-item-desc\"><br>&#8211; Para hacer efectiva la reserva, tendr\u00e1s que hacer un Bizum\/Transferencia, al numero que te indiquemos<br>&#8211; Ten\u00e9is que estar en las instalaciones entre 15 \/ 30 min antes de la hora de la actividad<br>&#8211; El pago se realizar\u00e1 en efectivo en las instalaciones<br>&#8211; No esta permitida la entrada de comida ni bebida al recinto.<br><br>&#8211; <strong>Cambio de fecha:<\/strong> Se deber\u00e1 avisar con una antelaci\u00f3n de 48h a la fecha de la actividad.<br>&#8211; <strong>Devoluci\u00f3n paga y se\u00f1al:<\/strong> Esta ser\u00e1 devuelta, si se avisa con un m\u00ednimo de 48h a la fecha de la actividad.<br>&#8211; <strong>En caso de lluvia:<\/strong> Se cambiar\u00e1 la fecha de la actividad a otro d\u00eda.<\/p><\/div><\/div><\/div><\/div><\/section>\n\n\n\n<p><\/p>\n\n\n\n<div id=\"section-g5d6df0\" class=\"wp-block-gutentor-e1 section-g5d6df0 gutentor-element gutentor-element-advanced-text\"><div class=\"gutentor-text-wrap\"><p class=\"gutentor-text\">OTROS CLIENTES TAMBI\u00c9N VISITARON<\/p><\/div><\/div>\n\n\n\n<section id=\"gmd380ad5\" class=\"wp-block-gutentor-m2 section-gmd380ad5 gutentor-module gutentor-dynamic-columns\"><div class=\"grid-container\"><div class=\"grid-row\">\n<div id=\"col-gm25350f\" class=\"wp-block-gutentor-m2-col col-gm25350f gutentor-module gutentor-dynamic-single-column grid-lg-4 grid-md-4 grid-12 g-single-column-link-enabled\"><div id=\"section-gm25350f\" class=\"section-gm25350f gutentor-single-col\">\n<div id=\"section-g40d5d5\" class=\"wp-block-gutentor-e6 section-g40d5d5 gutentor-element gutentor-element-image\"><div class=\"gutentor-element-image-box\"><a class=\"gutentor-element-image-link\" href=\"https:\/\/jocsiesports.com\/?page_id=76\" target=\"_blank\" rel=\" noopener noreferrer\"><div class=\"gutentor-image-thumb\"><img decoding=\"async\" class=\"normal-image lazyload\" data-src=\"https:\/\/jocsiesports.com\/wp-content\/uploads\/2023\/01\/1668966240605.jpg\" alt=\"gente_marcadoras\" src=\"data:image\/svg+xml;base64,PHN2ZyB3aWR0aD0iMSIgaGVpZ2h0PSIxIiB4bWxucz0iaHR0cDovL3d3dy53My5vcmcvMjAwMC9zdmciPjwvc3ZnPg==\" style=\"--smush-placeholder-width: 480px; --smush-placeholder-aspect-ratio: 480\/270;\" \/><\/div><\/a><\/div><\/div>\n\n\n\n<p><\/p>\n\n\n\n<div id=\"section-g06ee26\" class=\"wp-block-gutentor-e1 section-g06ee26 gutentor-element gutentor-element-advanced-text text-align-center-desktop\"><div class=\"gutentor-text-wrap\"><a class=\"gutentor-element-advanced-text-link\" href=\"https:\/\/jocsiesports.com\/wp-admin\/post.php?post=74&amp;action=edit\" target=\"_blank\" rel=\" noopener noreferrer\"><p class=\"gutentor-text\">LASER COMBAT ADULTO<\/p><\/a><\/div><\/div>\n<\/div><a class=\"gutentor-link\" href=\"https:\/\/jocsiesports.com\/?page_id=76\" target=\"_blank\" rel=\" noopener noreferrer\"><\/a><\/div>\n\n\n\n<div id=\"col-gmfdf21a\" class=\"wp-block-gutentor-m2-col col-gmfdf21a gutentor-module gutentor-dynamic-single-column grid-lg-4 grid-md-4 grid-12\"><div id=\"section-gmfdf21a\" class=\"section-gmfdf21a gutentor-single-col\">\n<div id=\"section-gf92458\" class=\"wp-block-gutentor-e6 section-gf92458 gutentor-element gutentor-element-image\"><div class=\"gutentor-element-image-box\"><a class=\"gutentor-element-image-link\" href=\"https:\/\/jocsiesports.com\/?page_id=84\" target=\"_blank\" rel=\" noopener noreferrer\"><div class=\"gutentor-image-thumb\"><img decoding=\"async\" class=\"normal-image lazyload\" data-src=\"https:\/\/jocsiesports.com\/wp-content\/uploads\/2021\/07\/IMG_20210613_115724-scaled-e1720021095736-300x181.jpg\" alt=\"adultos_jugando\" src=\"data:image\/svg+xml;base64,PHN2ZyB3aWR0aD0iMSIgaGVpZ2h0PSIxIiB4bWxucz0iaHR0cDovL3d3dy53My5vcmcvMjAwMC9zdmciPjwvc3ZnPg==\" style=\"--smush-placeholder-width: 300px; --smush-placeholder-aspect-ratio: 300\/181;\" \/><\/div><\/a><\/div><\/div>\n\n\n\n<p><\/p>\n\n\n\n<div id=\"section-gcc8dd4\" class=\"wp-block-gutentor-e1 section-gcc8dd4 gutentor-element gutentor-element-advanced-text text-align-center-desktop\"><div class=\"gutentor-text-wrap\"><a class=\"gutentor-element-advanced-text-link\" href=\"https:\/\/jocsiesports.com\/?page_id=84\" target=\"_blank\" rel=\" noopener noreferrer\"><p class=\"gutentor-text\">GINCANA ADULTO<\/p><\/a><\/div><\/div>\n<\/div><\/div>\n\n\n\n<div id=\"col-gme8151a\" class=\"wp-block-gutentor-m2-col col-gme8151a gutentor-module gutentor-dynamic-single-column grid-lg-4 grid-md-4 grid-12\"><div id=\"section-gme8151a\" class=\"section-gme8151a gutentor-single-col\">\n<div id=\"section-g56ee97\" class=\"wp-block-gutentor-e6 section-g56ee97 gutentor-element gutentor-element-image\"><div class=\"gutentor-element-image-box\"><a class=\"gutentor-element-image-link\" href=\"https:\/\/jocsiesports.com\/?page_id=72\" target=\"_blank\" rel=\" noopener noreferrer\"><div class=\"gutentor-image-thumb\"><img decoding=\"async\" class=\"normal-image lazyload\" data-src=\"https:\/\/jocsiesports.com\/wp-content\/uploads\/2021\/10\/1616356062223-scaled.jpg\" src=\"data:image\/svg+xml;base64,PHN2ZyB3aWR0aD0iMSIgaGVpZ2h0PSIxIiB4bWxucz0iaHR0cDovL3d3dy53My5vcmcvMjAwMC9zdmciPjwvc3ZnPg==\" style=\"--smush-placeholder-width: 2560px; --smush-placeholder-aspect-ratio: 2560\/1440;\" \/><\/div><\/a><\/div><\/div>\n\n\n\n<p><\/p>\n\n\n\n<div id=\"section-g4158da\" class=\"wp-block-gutentor-e1 section-g4158da gutentor-element gutentor-element-advanced-text text-align-center-desktop\"><div class=\"gutentor-text-wrap\"><a class=\"gutentor-element-advanced-text-link\" href=\"https:\/\/jocsiesports.com\/?page_id=72\" target=\"_blank\" rel=\" noopener noreferrer\"><p class=\"gutentor-text\">PAINTBALL ADULTO<\/p><\/a><\/div><\/div>\n<\/div><\/div>\n<\/div><\/div><\/section>\n\n\n\n<p><\/p>\n\n\n\n<div id=\"section-g7f7188\" class=\"wp-block-gutentor-e1 section-g7f7188 gutentor-element gutentor-element-advanced-text\"><div class=\"gutentor-text-wrap\"><p class=\"gutentor-text\">HORARIO Y PARTICIPANTES<\/p><\/div><\/div>\n\n\n\n<section id=\"section-327a1fd8-0b5d-4b0f-b194-ea827801d540\" class=\"wp-block-gutentor-opening-hours gutentor-section gutentor-opening-hours opening-hours-template1\"><div class=\"grid-container\"><div class=\"gutentor-block-header\"><div class=\"gutentor-section-title text-left\"><h2 class=\"gutentor-title\"><\/h2><\/div><\/div><div class=\"gutentor-grid-item-wrap\"><div class=\"gutentor-opening-hours-box\"><ul class=\"gutentor-opening-hours-wrapper\"><li class=\"gutentor-single-item gutentor-single-item-0\"><div class=\"gutentor-opening-hours-content\"><h3 class=\"gutentor-single-item-title\">De Lunes a S\u00e1bado (Horario Verano 15 Marzo-15 octubre)<\/h3><div class=\"gutentor-opening-hours-time-wrap\"><p class=\"gutentor-single-item-opening\">De 10h a 13.30h. -16h a 19:30h<\/p><\/div><\/div><\/li><li class=\"gutentor-single-item gutentor-single-item-1\"><div class=\"gutentor-opening-hours-content\"><h3 class=\"gutentor-single-item-title\">Domingos<\/h3><div class=\"gutentor-opening-hours-time-wrap\"><p class=\"gutentor-single-item-opening\">De 10h a 13.30h.<\/p><\/div><\/div><\/li><li class=\"gutentor-single-item gutentor-single-item-2\"><div class=\"gutentor-opening-hours-content\"><h3 class=\"gutentor-single-item-title\">De Lunes a Domingo ( Horario Invierno 16 Octubre -14 Marzo)<\/h3><div class=\"gutentor-opening-hours-time-wrap\"><p class=\"gutentor-single-item-opening\">De 10h a 13.30h.<\/p><\/div><\/div><\/li><li class=\"gutentor-single-item gutentor-single-item-3\"><div class=\"gutentor-opening-hours-content\"><h3 class=\"gutentor-single-item-title\">Julio y Agosto<\/h3><div class=\"gutentor-opening-hours-time-wrap\"><p class=\"gutentor-single-item-opening\">10h a 13.30h.<\/p><\/div><\/div><\/li><li class=\"gutentor-single-item gutentor-single-item-4\"><div class=\"gutentor-opening-hours-content\"><h3 class=\"gutentor-single-item-title\">El m\u00ednimo de participantes ser\u00e1 de 10.<\/h3><div class=\"gutentor-opening-hours-time-wrap\"><p class=\"gutentor-single-item-opening\"><\/p><\/div><\/div><\/li><\/ul><\/div><\/div><\/div><\/section>\n\n\n\n<p><\/p>\n\n\n\n<section id=\"gm3fa9b5a\" class=\"wp-block-gutentor-m4 section-gm3fa9b5a gutentor-module gutentor-advanced-columns has-color-bg has-custom-bg\"><div class=\"grid-container\"><div class=\"grid-row\">\n<div id=\"col-gmc177d2\" class=\"wp-block-gutentor-m4-col col-gmc177d2 gutentor-single-column  grid-lg-4 grid-md-12 grid-12\"><div id=\"section-gmc177d2\" class=\"section-gmc177d2 gutentor-col-wrap\">\n<div id=\"section-gb33d46\" class=\"wp-block-gutentor-e1 section-gb33d46 gutentor-element gutentor-element-advanced-text\"><div class=\"gutentor-text-wrap\"><p class=\"gutentor-text\"><strong>Tel\u00e9fono:&nbsp;<br><\/strong>647 40 66 94 &#8211; 647 40 66 92<\/p><\/div><\/div>\n<\/div><\/div>\n\n\n\n<div id=\"col-gm9e2fa4\" class=\"wp-block-gutentor-m4-col col-gm9e2fa4 gutentor-single-column  grid-lg-4 grid-md-12 grid-12\"><div id=\"section-gm9e2fa4\" class=\"section-gm9e2fa4 gutentor-col-wrap\">\n<div id=\"section-g4a4d87\" class=\"wp-block-gutentor-e1 section-g4a4d87 gutentor-element gutentor-element-advanced-text\"><div class=\"gutentor-text-wrap\"><p class=\"gutentor-text\"><strong>Email:<br><\/strong><a href=\"mailto:reservas%40jocsiesports.com?subject=Informaci%C3%B3n%20%2F%20Reserva&amp;body=Informaci%C3%B3n%20%2F%20Reserva\">reservas@jocsiesports.com<\/a><\/p><\/div><\/div>\n<\/div><\/div>\n\n\n\n<div id=\"col-gmbed5ff\" class=\"wp-block-gutentor-m4-col col-gmbed5ff gutentor-single-column  grid-lg-4 grid-md-12 grid-12\"><div id=\"section-gmbed5ff\" class=\"section-gmbed5ff gutentor-col-wrap\">\n<div id=\"section-g9b8264\" class=\"wp-block-gutentor-e1 section-g9b8264 gutentor-element gutentor-element-advanced-text\"><div class=\"gutentor-text-wrap\"><p class=\"gutentor-text\"><strong>Direcci\u00f3n:&nbsp;<\/strong><br>Google Maps: Jocs i Esports <br><br>A 20km de Barcelona<strong><br><\/strong><\/p><\/div><\/div>\n<\/div><\/div>\n<\/div><\/div><\/section>\n\n\n\n<p><\/p>\n\n\n\n<section id=\"gm0aec6f0\" class=\"wp-block-gutentor-m4 section-gm0aec6f0 gutentor-module gutentor-advanced-columns has-color-bg has-custom-bg\"><div class=\"grid-container\"><div class=\"grid-row\">\n<div id=\"col-gmec141e\" class=\"wp-block-gutentor-m4-col col-gmec141e gutentor-single-column  grid-lg-3 grid-md-12 grid-12\"><div id=\"section-gmec141e\" class=\"section-gmec141e gutentor-col-wrap\">\n<div id=\"section-g9bf8e2\" class=\"wp-block-gutentor-e6 section-g9bf8e2 gutentor-element gutentor-element-image gutentor-enabled-width text-align-center-desktop\"><div class=\"gutentor-element-image-box\"><a class=\"gutentor-element-image-link\" href=\"https:\/\/www.instagram.com\/jocs_i_esports\/?hl=es\" target=\"_blank\" rel=\" noopener noreferrer\"><div class=\"gutentor-image-thumb\"><img decoding=\"async\" class=\"normal-image lazyload\" data-src=\"https:\/\/jocsiesports.com\/wp-content\/uploads\/2022\/01\/logo-insta-ok-150x150.jpg\" alt=\"logo\" src=\"data:image\/svg+xml;base64,PHN2ZyB3aWR0aD0iMSIgaGVpZ2h0PSIxIiB4bWxucz0iaHR0cDovL3d3dy53My5vcmcvMjAwMC9zdmciPjwvc3ZnPg==\" style=\"--smush-placeholder-width: 150px; --smush-placeholder-aspect-ratio: 150\/150;\" \/><\/div><\/a><\/div><\/div>\n<\/div><\/div>\n\n\n\n<div id=\"col-gm3712ce\" class=\"wp-block-gutentor-m4-col col-gm3712ce gutentor-single-column  grid-lg-3 grid-md-12 grid-12\"><div id=\"section-gm3712ce\" class=\"section-gm3712ce gutentor-col-wrap\">\n<div id=\"section-gfaca53\" class=\"wp-block-gutentor-e6 section-gfaca53 gutentor-element gutentor-element-image gutentor-enabled-width text-align-center-desktop\"><div class=\"gutentor-element-image-box\"><a class=\"gutentor-element-image-link\" href=\"https:\/\/www.facebook.com\/jocsiesports\" target=\"_blank\" rel=\" noopener noreferrer\"><div class=\"gutentor-image-thumb\"><img decoding=\"async\" class=\"normal-image lazyload\" data-src=\"https:\/\/jocsiesports.com\/wp-content\/uploads\/2022\/01\/logo-facebook-ok-150x150.jpg\" alt=\"logo\" src=\"data:image\/svg+xml;base64,PHN2ZyB3aWR0aD0iMSIgaGVpZ2h0PSIxIiB4bWxucz0iaHR0cDovL3d3dy53My5vcmcvMjAwMC9zdmciPjwvc3ZnPg==\" style=\"--smush-placeholder-width: 150px; --smush-placeholder-aspect-ratio: 150\/150;\" \/><\/div><\/a><\/div><\/div>\n<\/div><\/div>\n\n\n\n<div id=\"col-gmf97d6f\" class=\"wp-block-gutentor-m4-col col-gmf97d6f gutentor-single-column  grid-lg-3 grid-md-12 grid-12\"><div id=\"section-gmf97d6f\" class=\"section-gmf97d6f gutentor-col-wrap\">\n<div id=\"section-gf649c6\" class=\"wp-block-gutentor-e6 section-gf649c6 gutentor-element gutentor-element-image gutentor-enabled-width text-align-center-desktop\"><div class=\"gutentor-element-image-box\"><a class=\"gutentor-element-image-link\" href=\"https:\/\/www.tiktok.com\/@jocsiesports?lang=es\" target=\"_blank\" rel=\" noopener noreferrer\"><div class=\"gutentor-image-thumb\"><img decoding=\"async\" class=\"normal-image lazyload\" data-src=\"https:\/\/jocsiesports.com\/wp-content\/uploads\/2022\/01\/tik-tok-ok-150x150.jpg\" src=\"data:image\/svg+xml;base64,PHN2ZyB3aWR0aD0iMSIgaGVpZ2h0PSIxIiB4bWxucz0iaHR0cDovL3d3dy53My5vcmcvMjAwMC9zdmciPjwvc3ZnPg==\" style=\"--smush-placeholder-width: 150px; --smush-placeholder-aspect-ratio: 150\/150;\" \/><\/div><\/a><\/div><\/div>\n<\/div><\/div>\n\n\n\n<div id=\"col-gm1dc008\" class=\"wp-block-gutentor-m4-col col-gm1dc008 gutentor-single-column  grid-lg-3 grid-md-12 grid-12\"><div id=\"section-gm1dc008\" class=\"section-gm1dc008 gutentor-col-wrap\">\n<div id=\"section-g27c079\" class=\"wp-block-gutentor-e6 section-g27c079 gutentor-element gutentor-element-image gutentor-enabled-width text-align-center-desktop\"><div class=\"gutentor-element-image-box\"><a class=\"gutentor-element-image-link\" href=\"https:\/\/www.youtube.com\/channel\/UCfHtURlDV6QtGsoHv4zE83Q\" target=\"_blank\" rel=\" noopener noreferrer\"><div class=\"gutentor-image-thumb\"><img decoding=\"async\" class=\"normal-image lazyload\" data-src=\"https:\/\/jocsiesports.com\/wp-content\/uploads\/2022\/01\/logo-youtube.jpg\" src=\"data:image\/svg+xml;base64,PHN2ZyB3aWR0aD0iMSIgaGVpZ2h0PSIxIiB4bWxucz0iaHR0cDovL3d3dy53My5vcmcvMjAwMC9zdmciPjwvc3ZnPg==\" style=\"--smush-placeholder-width: 269px; --smush-placeholder-aspect-ratio: 269\/188;\" \/><\/div><\/a><\/div><\/div>\n<\/div><\/div>\n<\/div><\/div><\/section>\n\n\n\n\n\n\n\n\n\n<p><\/p>\n\n\n\n<p><\/p>\n","protected":false},"excerpt":{"rendered":"","protected":false},"author":1,"featured_media":0,"parent":0,"menu_order":0,"comment_status":"closed","ping_status":"closed","template":"","meta":{"footnotes":""},"class_list":["post-2488","page","type-page","status-publish","hentry"],"_links":{"self":[{"href":"https:\/\/jocsiesports.com\/index.php?rest_route=\/wp\/v2\/pages\/2488","targetHints":{"allow":["GET"]}}],"collection":[{"href":"https:\/\/jocsiesports.com\/index.php?rest_route=\/wp\/v2\/pages"}],"about":[{"href":"https:\/\/jocsiesports.com\/index.php?rest_route=\/wp\/v2\/types\/page"}],"author":[{"embeddable":true,"href":"https:\/\/jocsiesports.com\/index.php?rest_route=\/wp\/v2\/users\/1"}],"replies":[{"embeddable":true,"href":"https:\/\/jocsiesports.com\/index.php?rest_route=%2Fwp%2Fv2%2Fcomments&post=2488"}],"version-history":[{"count":26,"href":"https:\/\/jocsiesports.com\/index.php?rest_route=\/wp\/v2\/pages\/2488\/revisions"}],"predecessor-version":[{"id":2728,"href":"https:\/\/jocsiesports.com\/index.php?rest_route=\/wp\/v2\/pages\/2488\/revisions\/2728"}],"wp:attachment":[{"href":"https:\/\/jocsiesports.com\/index.php?rest_route=%2Fwp%2Fv2%2Fmedia&parent=2488"}],"curies":[{"name":"wp","href":"https:\/\/api.w.org\/{rel}","templated":true}]}}